ivisor of 3223 and 11?
11
Calculate the greatest common factor of 126 and 144.
18
Calculate the highest common divisor of 748 and 88.
44
What is the highest common factor of 6 and 15123?
3
Calculate the highest common divisor of 13957 and 34.
17
What is the highest common factor of 23 and 851?
23
Calculate the highest common factor of 928 and 522.
58
Calculate the greatest common factor of 11 and 979.
11
Calculate the highest common divisor of 2576 and 224.
112
Calculate the greatest common factor of 138 and 318.
6
What is the greatest common factor of 2 and 26?
2
Calculate the highest common divisor of 352 and 128.
32
Calculate the greatest common divisor of 17 and 901.
17
What is the greatest common divisor of 144 and 504?
72
What is the highest common divisor of 517 and 44?
11
Calculate the greatest common factor of 2 and 38.
2
What is the highest common factor of 9 and 8892?
9
What is the highest common factor of 580 and 80?
20
What is the highest common factor of 644 and 161?
161
What is the greatest common divisor of 52 and 8?
4
Calculate the highest common divisor of 21 and 168.
21
What is the highest common divisor of 1 and 29?
1
Calculate the greatest common divisor of 91 and 169.
13
What is the highest common divisor of 31 and 44733?
31
Calculate the highest common factor of 121 and 32186.
121
Calculate the greatest common factor of 76 and 6308.
76
Calculate the highest common divisor of 648 and 621.
27
What is the greatest common divisor of 2052 and 108?
108
What is the greatest common factor of 64038 and 78?
78
Calculate the highest common factor of 40 and 20.
20
Calculate the greatest common factor of 28 and 196.
28
What is the highest common divisor of 539 and 11?
11
Calculate the greatest common divisor of 13 and 30420.
13
What is the greatest common divisor of 312 and 120?
24
Calculate the greatest common divisor of 756 and 168.
84
Calculate the highest common divisor of 30 and 255.
15
Calculate the greatest common divisor of 60 and 80.
20
What is the highest common divisor of 108 and 12?
12
What is the highest common divisor of 17746 and 38?
38
What is the greatest common divisor of 3932 and 12?
4
What is the greatest common divisor of 3612 and 210?
42
Calculate the highest common divisor of 1940 and 20.
20
What is the highest common divisor of 19 and 3439?
19
Calculate the highest common divisor of 1808 and 16.
16
What is the greatest common divisor of 21 and 777?
21
What is the greatest common divisor of 59 and 59?
59
What is the greatest common factor of 3 and 2241?
3
Calculate the greatest common divisor of 1025 and 943.
41
What is the highest common divisor of 1507 and 88?
11
Calculate the highest common divisor of 244 and 183.
61
What is the greatest common factor of 264 and 120?
24
Calculate the highest common divisor of 2877 and 21.
21
Calculate the highest common factor of 54 and 567.
27
Calculate the highest common factor of 931 and 19.
19
Calculate the greatest common factor of 9 and 549.
9
Calculate the greatest common factor of 39 and 325.
13
What is the greatest common factor of 16 and 752?
16
What is the greatest common divisor of 121 and 429?
11
What is the greatest common divisor of 15 and 1435?
5
What is the greatest common divisor of 8 and 232?
8
What is the greatest common factor of 770 and 1610?
70
Calculate the highest common divisor of 110 and 176.
22
Calculate the highest common factor of 480 and 30.
30
Calculate the highest common factor of 560 and 700.
140
Calculate the highest common divisor of 6801 and 3.
3
Calculate the highest common factor of 1805 and 95.
95
Calculate the greatest common factor of 3 and 5.
1
Calculate the highest common factor of 2218 and 8.
2
What is the greatest common divisor of 3104 and 256?
32
Calculate the greatest common divisor of 31 and 155.
31
Calculate the greatest common factor of 6 and 729.
3
What is the greatest common divisor of 32 and 4?
4
What is the highest common divisor of 18 and 54?
18
What is the greatest common factor of 30 and 40?
10
What is the highest common divisor of 7905 and 765?
255
What is the greatest common factor of 220 and 230?
10
What is the highest common divisor of 200 and 44900?
100
Calculate the greatest common factor of 4 and 64.
4
Calculate the highest common divisor of 800 and 100.
100
Calculate the highest common factor of 543 and 21.
3
Calculate the highest common divisor of 345 and 195.
15
What is the greatest common factor of 111 and 1517?
37
What is the greatest common divisor of 568 and 3124?
284
What is the highest common factor of 288 and 352?
32
What is the greatest common factor of 68 and 51?
17
Calculate the highest common factor of 60 and 4740.
60
Calculate the greatest common divisor of 14555 and 410.
205
Calculate the highest common divisor of 10811 and 19.
19
What is the greatest common divisor of 172 and 2322?
86
What is the greatest common divisor of 84 and 112?
28
What is the greatest common factor of 6 and 186?
6
Calculate the greatest common divisor of 53839 and 34.
17
Calculate the highest common factor of 35 and 6895.
35
Calculate the highest common factor of 94 and 1504.
94
Calculate the highest common factor of 219 and 1168.
73
Calculate the highest common factor of 55 and 110.
55
Calculate the highest common factor of 1441 and 11.
11
What is the highest common factor of 328 and 16?
8
What is the greatest common divisor of 13253 and 58?
29
Calculate the highest common factor of 6446 and 66.
22
What is the greatest common divisor of 12 and 8?
4
Calculate the greatest common divisor of 34 and 1836.
34
What is the highest common divisor of 7 and 2?
1
What is the greatest common divisor of 1095 and 15?
15
Calculate the highest common factor of 2771 and 2282.
163
What is the highest common divisor of 10541 and 254?
127
What is the highest common factor of 72 and 63?
9
What is the highest common factor of 25 and 2000?
25
What is the greatest common divisor of 98 and 28?
14
What is the highest common factor of 7074 and 27?
27
What is the highest common divisor of 1426 and 46?
46
Calculate the greatest common divisor of 5 and 13.
1
What is the highest common divisor of 15 and 1580?
5
Calculate the greatest common divisor of 83 and 1.
1
What is the greatest common divisor of 102 and 18462?
102
Calculate the greatest common factor of 40 and 2260.
20
What is the greatest common divisor of 520 and 104?
104
Calculate the greatest common divisor of 136 and 40.
8
Calculate the greatest common divisor of 2 and 64.
2
What is the highest common divisor of 2839 and 17?
17
Calculate the highest common factor of 1625 and 125.
125
Calculate the highest common factor of 75 and 60.
15
Calculate the highest common divisor of 20 and 70.
10
Calculate the highest common divisor of 160 and 40.
40
Calculate the greatest common factor of 803 and 99.
11
Calculate the highest common factor of 8833 and 605.
121
What is the greatest common divisor of 260 and 1664?
52
What is the greatest common divisor of 2600 and 104?
104
What is the highest common divisor of 5852 and 693?
77
Calculate the highest common divisor of 1771 and 253.
253
Calculate the greatest common factor of 39 and 1235.
13
Calculate the greatest common divisor of 144 and 2832.
48
Calculate the highest common factor of 6 and 3426.
6
What is the highest common divisor of 34 and 153?
17
What is the highest common divisor of 104 and 8?
8
What is the greatest common factor of 135 and 615?
15
Calculate the greatest common divisor of 3 and 9561.
3
What is the highest common divisor of 180 and 120?
60
Calculate the greatest common divisor of 36 and 144.
36
What is the greatest common divisor of 350 and 70?
70
Calculate the highest common factor of 23 and 644.
23
What is the greatest common divisor of 128 and 4?
4
Calculate the highest common divisor of 4 and 1228.
4
What is the greatest common factor of 7568 and 516?
172
Calculate the greatest common divisor of 36 and 102.
6
Calculate the highest common divisor of 18 and 1629.
9
Calculate the greatest common divisor of 45 and 255.
15
What is the greatest common factor of 392 and 8?
8
Calculate the highest common factor of 74 and 42846.
74
What is the highest common factor of 1104 and 24?
24
Calculate the greatest common divisor of 48 a